423 (base 5) to base 7.
-126560022
What is -1111201022201 (base 3) in base 15?
-10c6c1
33521341 (base 6) to base 9
1826327
Convert -1a231a (base 12) to base 2.
-1110000010101000110
What is -25056513 (base 7) in base 8?
-10451661
What is -4824561 (base 9) in base 2?
-1001111110010101111110
Convert -2333976 (base 10) to base 11.
-1354607
2a8109 (base 11) to base 5
110314130
16067103 (base 8) to base 11
20a65aa
What is 103cc (base 13) in base 6?
343204
103313001 (base 6) to base 15
266957
What is 290849 (base 13) in base 7?
11336336
What is -1865d (base 16) in base 14?
-285c1
Convert 4358458 (base 9) to base 8.
10736045
Convert -4330401 (base 5) to base 4.
-102001323
Convert 1110100110101111 (base 2) to base 4.
32212233
What is -516c82 (base 16) in base 3?
-101001002212211
What is -31205012 (base 6) in base 2?
-11011100011111000000
536003 (base 9) to base 3
121020000010
-11110010001101001111011 (base 2) to base 7
-124313610
-1399bb4 (base 12) to base 4
-33001001320
Convert 1581056 (base 10) to base 15.
2136db
What is 40511125 (base 6) in base 8?
4331775
-5c39 (base 13) to base 10
-13061
What is -314243 (base 15) in base 12?
-94b923
25365644 (base 8) to base 10
5630884
What is 3644760 (base 9) in base 3?
10201111212000
Convert -110111001101101101100 (base 2) to base 4.
-12321231230
543330 (base 6) to base 14
124aa
-121112020212022 (base 3) to base 9
-17466768
Convert -3230130 (base 5) to base 6.
-1102452
What is 34117 (base 11) in base 12?
246b6
Convert -110111101110101101111 (base 2) to base 15.
-26113e
Convert 87e0 (base 16) to base 2.
1000011111100000
What is 473626 (base 8) in base 11?
100528
What is -1010200001 (base 3) in base 4?
-11131111
Convert -2638a (base 13) to base 2.
-10001010100001101
Convert -22444130 (base 5) to base 13.
-71556
What is -4311 (base 15) in base 12?
-8267
What is -76328 (base 11) in base 14?
-2c590
Convert -758a8a (base 11) to base 7.
-13210016
Convert -4c454b (base 14) to base 8.
-12005467
Convert 2b99929 (base 12) to base 16.
87fef1
-1445234 (base 12) to base 15
-556d34
5575653 (base 8) to base 4
11233232223
-2030123221 (base 4) to base 13
-171a7b
1467471 (base 10) to base 7
15321225
What is -286a8 (base 13) in base 9?
-125037
What is -43115 (base 10) in base 8?
-124153
Convert 160545 (base 8) to base 10.
57701
-1100101100011001001 (base 2) to base 5
-101302240
Convert -121010202112 (base 3) to base 8.
-1154345
-111001110011101000 (base 2) to base 6
-5024104
Convert -8e04c (base 15) to base 5.
-103433242
What is -570234 (base 11) in base 8?
-3355365
-33211131 (base 4) to base 3
-10020120100
What is -341ec (base 15) in base 8?
-503676
What is -202011030 (base 4) in base 15?
-2b566
What is -1000210220000011 (base 3) in base 8?
-70302546
Convert -263914 (base 11) to base 4.
-1211111011
What is -5902b4 (base 13) in base 3?
-10222101212021
-11240554 (base 7) to base 8
-3603166
103331303303 (base 4) to base 10
5233907
21122210210 (base 3) to base 8
446352
-111641 (base 13) to base 10
-403118
What is 1bbbd (base 14) in base 15?
16033
What is -2120221222021 (base 3) in base 15?
-1c3041
67206 (base 8) to base 10
28294
-1121222001001 (base 3) to base 11
-541173
What is -2102421 (base 9) in base 15?
-172e57
Convert -10143014023 (base 5) to base 3.
-201210022021202
Convert b29bb (base 14) to base 11.
274073
Convert bb4e7 (base 15) to base 14.
116c45
Convert 440431441 (base 5) to base 15.
274d4b
499a51 (base 12) to base 11
749915
What is -214231211 (base 5) in base 12?
-38a371
-11101100111101111111 (base 2) to base 9
-1738400
Convert -100010111001110 (base 2) to base 16.
-45ce
-10234321 (base 5) to base 14
-23908
Convert -1000101111011011010 (base 2) to base 7.
-2302030
Convert 4125034 (base 6) to base 4.
300113032
What is 12122202101 (base 3) in base 6?
2215314
Convert -49b32 (base 12) to base 13.
-36755
Convert -595934 (base 11) to base 8.
-3465245
111000101000100110100001 (base 2) to base 13
30ca745
100010110111101000001 (base 2) to base 5
243030333
324222222 (base 5) to base 10
1398437
What is 1288540 (base 11) in base 9?
4156116
Convert 400a6b (base 16) to base 8.
20005153
What is 41620 (base 10) in base 3?
2010002111
Convert -a154 (base 15) to base 13.
-12667
Convert -1487617 (base 9) to base 6.
-25410454
2201320333 (base 5) to base 8
21766563
Convert 121111111 (base 4) to base 8.
312525
14b177c (base 14) to base 12
34753aa
-3211010033 (base 4) to base 8
-3450417
What is -110032000 (base 4) in base 3?
-11012121021
32120411 (base 5) to base 12
11038a
-1538887 (base 9) to base 7
-10151446
Convert 5342016 (base 7) to base 15.
cc449
Convert 10323330 (base 5) to base 10.
89215
-2374750 (base 8) to base 14
-1303a0
What is -1367733 (base 8) in base 5?
-44422313
Convert 113211311332 (base 4) to base 8.
27456576
2103551 (base 12) to base 11
3573296
aa45d (base 16) to base 4
2222101131
10408 (base 12) to base 5
1140240
What is 1834773 (base 11) in base 7?
35302321
631463 (base 8) to base 12
a1443
Convert 10110001100 (base 2) to base 15.
64a
What is -124222341 (base 5) in base 7?
-5150323
1a3bd7 (base 15) to base 14
253c83
-81029 (base 13) to base 6
-4540052
What is 9056293 (base 10) in base 7?
136656121
Convert -511442 (base 6) to base 14.
-10ad4
What is -2324312 (base 6) in base 10?
-120212
What is -14122121 (base 5) in base 12?
-700b2
3401541 (base 7) to base 5
101431132
Convert -8545a (base 12) to base 13.
-6196c
Convert 12211211012 (base 3) to base 2.
11100000101101100
Convert 10000100001101000000 (base 2) to base 11.
33a927
What is -148172 (base 10) in base 4?
-210023030
-2110121121021 (base 3) to base 5
-313424211
-2b2366 (base 13) to base 14
-1d8d0a
Convert -234213 (base 6) to base 4.
-10332201
-10022220001220 (base 3) to base 5
-423104314
-101100001 (base 5) to base 10
-409376
What is 1260841 (base 9) in base 8?
2502666
-101110100111010110100 (base 2) to base 5
-342334401
What is -10111101110011011101100 (base 2) in base 4?
-113232123230
What is -365535 (base 9) in base 14?
-5a56b
Convert -10011000001000110110 (base 2) to base 15.
-c498d
What is -1866100 (base 9) in base 12?
-426346
Convert -19b9a (base 14) to base 12.
-31a24
-1103220230 (base 4) to base 2
-1010011101000101100
122747 (base 8) to base 3
2011021000
40223141 (base 7) to base 10
3333695
240354 (base 8) to base 5
10112111
What is -1010111010100000111 (base 2) in base 3?
-200011120220
What is -36560236 (base 7) in base 16?
-31f951
453677 (base 11) to base 13
1c395a
-21465615 (base 7) to base 2
-111000011010001000110
Convert 4385250 (base 9) to base 11.
13715a4
233213140 (base 6) to base 5
2103402224
Convert 11011001111101001000 (base 2) to base 15.
1297b4
What is 13532410 (base 6) in base 5?
104311004
3131332 (base 9) to base 4
12120231020
-6651605 (base 10) to base 11
-38334a4
10233044 (base 7) to base 4
3103102031
What is 7a968 (base 11) in base 10?
116960
What is 250322 (base 6) in base 4?
11122022
-99541 (base 11) to base 9
-240062
What is -6c4a3 (base 13) in base 9?
-332308
-1434113 (base 5) to base 11
-20a38
Convert -1d9988d (base 14) to base 3.
-1001000122212201
What is -22034125 (base 6) in base 10?
-657989
21000003003 (base 4) to base 8
11000303
39bb93 (base 12) to base 13
2751c0
What is 96 (base 16) in base 10?
150
Convert 2b1b8d (base 14) to base 13.
4082c7
Convert 269566 (base 10) to base 8.
1016376
Convert 3485326 (base 10) to base 2.
1101010010111010001110
What is -223192 (base 12) in base 8?
-2047476
Convert -1342223 (base 7) to base 5.
-21202400
-370ab3b (base 12) to base 7
-160051550
14275513 (base 8) to base 13
897043
Convert -1222332312 (base 4) to base 16.
-6afb6
What is 211031022123 (base 4) in base 15?
cc9cb3
Convert 5aa3e9 (base 16) to base 15.
7c50d6
-461621 (base 9) to base 6
-5533244
-1982948 (base 10) to base 3
-10201202002112
30440162 (base 7) to base 15
354c6e
What is 32755 (base 8) in base 7?
55151
48731 (base 9) to base 11
22601
2001202111 (base 3) to base 2
1001111011001000
Convert 1101342554 (base 6) to base 12.
3b67a5a
What is -179898 (base 11) in base 8?
-1034160
What is -2012021321 (base 4) in base 15?
-acc32
203045245 (base 6) to base 3
20121002201202
-1100100010110110 (base 2) to base 4
-30202312
What is -2584516 (base 10) in base 8?
-11667704
What is -402046 (base 9) in base 3?
-110002001120
-4a9221 (base 12) to base 3
